he highest common divisor of d and 476.
28
Suppose -5*f + 0*f = -55. Let k be (7/21)/(1/30). Let c = k + 1. Calculate the highest common factor of f and c.
11
Let h = 339 - 337. Suppose -3*t - 8 = -h*x - 191, 2*t + 2*x - 112 = 0. What is the highest common divisor of t and 649?
59
Let z be -4 + (-2 - -14744) + 14/(-2) + 11. What is the highest common divisor of 81 and z?
81
Suppose 10*a + 6 = -4. Let u(s) = -s. Let g(h) = 12*h - 16. Let r(y) = a*g(y) - 8*u(y). Let p be r(3). Calculate the highest common divisor of 16 and p.
4
Let n(s) = -5*s + 61. Let q be n(9). Let r(o) = o**3 - 17*o**2 + 16*o + 8. Let f be r(q). Suppose f = 7*y + y. Calculate the greatest common factor of y and 9.
1
Let s(o) = -o + 25. Suppose 16*m + 78 = 22*m. Let t be s(m). Suppose -96 = -4*x - t. What is the greatest common divisor of x and 7?
7
Let q(v) = -10*v - 12 - 7 + 10 + 25. Let z be q(-6). Calculate the greatest common divisor of 684 and z.
76
Let b = -18427 + 20418. What is the highest common factor of 22 and b?
11
Let s be ((-1 - -1)/3)/(3/(-3)). Suppose -4*y + 20 = 0, 5*n + s*n - 5*y + 315 = 0. Let g be 1*(4 + -5 - n). What is the greatest common divisor of 38 and g?
19
Suppose -6 + 34 = -7*j. Let s be (-1802)/159*(1 - (-46)/j). Calculate the highest common factor of s and 34.
17
Suppose 0 = 20*a - 13*a - 2744. Suppose f - 2*f + a = 0. Calculate the highest common divisor of 56 and f.
56
Let d = 57 + -30. Suppose -32*i + 642 + 1950 = 0. What is the highest common divisor of d and i?
27
Let k(q) = -q**3 + 10*q**2 + 12*q - 25. Let u be k(10). Let x = 2 + 3. Suppose 30 = x*h - u. What is the highest common factor of 5 and h?
5
Let g = 7630 + -6722. What is the highest common factor of g and 8?
4
Let w(n) = -n**2 + 8*n - 21 - n**2 + 2*n + n**2. Let b be w(7). Suppose 4*h - 3*h - 4 = b, 0 = 4*f - 2*h - 1560. What is the highest common divisor of 49 and f?
49
Suppose -78 = z - 278. Suppose j - 130 = -2*w, -6*w = -9*w + j + z. What is the highest common factor of w and 132?
66
Suppose 3*s = -5*g - 2*g + 24151, 4*s = -2*g + 6916. Calculate the highest common divisor of g and 8.
8
Suppose 14*b - 290 = -b - 14*b. Calculate the highest common divisor of b and 430.
10
Let p = 122 + -115. Let c(t) = t**2 + t - 57. Let l be c(p). Let j be (-15)/l*(3 + (-84)/35). What is the greatest common factor of 261 and j?
9
Let g be (4045 - 7) + 5 - 40/5. What is the greatest common factor of g and 10?
5
Let d be 284/2*(-6)/(12 - 0). Let c = d + 74. Suppose 5*r = c + 12. What is the greatest common factor of 21 and r?
3
Suppose c + 407 = -144. Let k = c - -587. Calculate the greatest common factor of k and 204.
12
Let s(f) = f - 4. Let b be s(8). Suppose -5*z = r - 993, 3*z - 789 = -z + r. Suppose -82 = -b*v + z. What is the greatest common divisor of 10 and v?
10
Suppose -228*c - 2520 = -242*c. Calculate the highest common divisor of c and 90.
90
Suppose 9385 = 26*p + 3405. Calculate the greatest common divisor of 3542 and p.
46
Let m(r) = 5*r + 40. Let l be m(19). Suppose -l + 1063 = 8*c. What is the highest common factor of 174 and c?
58
Let m = 196 + -176. Let n be ((-3)/(-5))/((-2)/(-10)). Suppose -3*a - 3*r + 426 = 0, 300 = n*a - 4*r - 112. What is the highest common factor of m and a?
20
Let m(a) = a**2 + 17 + 0*a**2 - 14*a - 30*a + 2*a. Let f be m(44). What is the greatest common divisor of f and 175?
35
Let p = -187 - -107. Let r = 121 + p. What is the highest common factor of r and 205?
41
Suppose -823*j + 926*j - 206 = 0. Let m be ((-26)/4)/((-2)/12). What is the greatest common factor of j and m?
1
Suppose -7536 + 3935 = -199*o + 45353. Calculate the highest common divisor of o and 2829.
123
Let f(z) = z + 21. Let j be f(-11). Suppose -j*m + 0*m + 880 = 0. Let h be (m/4)/(1 + 1). Calculate the greatest common factor of 11 and h.
11
Let d(k) = -8*k - 6. Let x = 31 - 27. Suppose 0*a = -3*a - 2*l, -x*l + 6 = 3*a. Let g be d(a). What is the highest common factor of g and 90?
10
Suppose -445*c + 201*c + 58080 = -214*c. What is the highest common divisor of c and 16?
16
Let n(l) = -148*l - 120. Let f be n(-1). Calculate the greatest common divisor of f and 133.
7
Suppose 63 = 37*o - 48. Suppose -926 = -3*j - o*l + 112, j - 362 = 3*l. What is the greatest common factor of 42 and j?
14
Suppose 0 = -2*l + 3*w + 1496, 25*l = 20*l + 2*w + 3718. Calculate the greatest common factor of 28 and l.
14
Suppose -75*h + 2930 = -59*h + 354. Calculate the greatest common divisor of h and 184.
23
Let f = -237 - -299. Suppose 2 = -15*u + f. Calculate the highest common factor of u and 8.
4
Let j = -5660 + 5680. What is the greatest common divisor of 1035 and j?
5
Suppose 1674 + 1209 = 31*o. Suppose -3*h - 2*h + 169 = -2*f, -3*h + 4*f = -o. Let g be 6/(-4)*(-1120)/6. Calculate the highest common divisor of h and g.
35
Let z = -2115 + 5087. Let w = 5436 - z. Suppose -3*h = 4*h - w. Calculate the highest common factor of h and 32.
32
Let y(r) = -r**3 - 5*r**2 + 41*r - 9. Let u be y(4). What is the greatest common divisor of u and 1980?
11
Let h be (-10)/(-8) - (-13277)/44. Calculate the greatest common divisor of h and 21.
3
Let f = -13296 + 13308. Let z(a) = 5*a**3 - 2*a**2 - a + 2. Let s be z(2). Calculate the greatest common divisor of f and s.
4
Suppose -4*c = h - 8926, -3*c + 5451*h + 6699 = 5454*h. Calculate the highest common divisor of c and 2425.
97
Let k = 18698 - 5619. What is the highest common divisor of 29 and k?
29
Suppose 383*u + 328 = 391*u - 456. Calculate the greatest common factor of 20 and u.
2
Let x = 10 + -11. Let b be ((-12)/(-72))/(x/(-16))*12. Suppose 2*s = 3*n - 394, -5*n - 5*s = -4*n - 103. What is the greatest common divisor of b and n?
32
Suppose 2*w + 2*n = 14, n + 6 = 3*n. Suppose 3*c - 4*x = -2*c + 136, -3*c - w*x = -88. What is the greatest common divisor of c and 4?
4
Let k(p) = 495*p - 2319. Let c be k(5). Calculate the greatest common factor of 288 and c.
12
Let d = -1860 - -2796. What is the greatest common factor of d and 48?
24
Let p = 252094 + -252059. Let m be (-10)/(-3)*(0 - -168). Calculate the greatest common factor of p and m.
35
Let p = 409 - 262. Let n be 4 + ((-4169)/(-22) - (-2 + 5/(-10))). Calculate the greatest common factor of n and p.
49
Let j(f) be the second derivative of -f**5/20 + 7*f**4/6 + f**3/3 - 13*f**2/2 + 72*f. Let v be j(14). Calculate the greatest common factor of v and 15.
15
Suppose -138 = 229*f - 235*f. Suppose 0 = -8*g + f*g - 990. Calculate the highest common divisor of g and 12.
6
Suppose 6 + 24 = 6*w. Suppose 3*s - 9*h + 13*h - 58 = 0, w*s = 5*h + 50. Calculate the greatest common divisor of 238 and s.
14
Let n(g) = 2339*g - 13993. Let s be n(6). Suppose -3*p + 1023 + 330 = 0. Calculate the greatest common factor of p and s.
41
Let i(x) = x**3 + 79*x**2 - 695*x + 192. Let p be i(-87). Calculate the greatest common factor of 5835 and p.
15
Suppose -2*k - 5*t = -660, -4*k + 528 = -5*t - 852. Let c be k/(-85)*(-26)/4. Calculate the greatest common divisor of c and 8.
2
Let x = -22 + 20. Let s be 3/((-9)/15)*x. Suppose 9*w + 2*w = 110. Calculate the greatest common factor of s and w.
10
Suppose t - 246 = -3*r, r - 4*t - 82 = -6*t. What is the highest common divisor of r and 3?
1
Let t = -3953 + 10628. What is the greatest common factor of t and 89?
89
Suppose -3*g + 3*h = -357, -4*h - 106 + 728 = 5*g. What is the greatest common divisor of 2806 and g?
122
Let o(d) = d**3 - 10*d**2 - 5*d - 84. Let k be o(12). Calculate the greatest common factor of k and 1392.
48
Let v = 562 - 217. Suppose o - 2*b + 11 = 0, -142648 = 4*o + 2*b - 142734. What is the highest common divisor of v and o?
15
Suppose -138*i + 155952 = 62*i + 142*i. Calculate the greatest common factor of i and 494.
38
Suppose 4*f - 1 = 5*f, 3*z = -2*f + 178. Let q be z/(-15) + 3/(6/8). Suppose 0*g - g + 18 = q. What is the greatest common divisor of 162 and g?
18
Let g(j) be the third derivative of j**4/8 + 7*j**3/6 - 98*j**2. Let b be g(19). What is the greatest common divisor of 2 and b?
2
Suppose 1692 + 882 = 33*u. Calculate the greatest common factor of u and 2574.
78
Let r = -280 + 459. Let f = r - 139. Let v = 17 - -3. What is the highest common factor of f and v?
20
Let y(f) = 255*f + 1090. Let j be y(-4). What is the highest common factor of j and 320?
10
Let 